{"id":3541,"date":"2024-10-01T17:21:14","date_gmt":"2024-10-01T17:21:14","guid":{"rendered":"https:\/\/avantgarde-investment.ch\/consultoria-de-investimento\/agricultura-vertical\/"},"modified":"2025-10-10T07:33:08","modified_gmt":"2025-10-10T07:33:08","slug":"investir-no-cinema","status":"publish","type":"page","link":"https:\/\/avantgarde-investment.ch\/pt-pt\/servicos\/otimizacao-da-sua-poupanca\/investir-no-cinema\/","title":{"rendered":"Agricultura vertical"},"content":{"rendered":"\n<div class=\"wp-block-uagb-container uagb-block-f825015c alignfull uagb-is-root-container\"><div class=\"uagb-container-inner-blocks-wrap\">\n<div class=\"wp-block-uagb-advanced-heading uagb-block-03b18b14\"><h6 class=\"uagb-heading-text\">Investimentos<\/h6><\/div>\n\n\n\n<div class=\"wp-block-uagb-advanced-heading uagb-block-8b4ab5b5\"><h1 class=\"uagb-heading-text\"><strong>Investir dans le cin\u00e9ma<\/strong><\/h1><\/div>\n<\/div><\/div>\n\n<div class=\"wp-block-uagb-container uag-blocks-common-selector uagb-block-e6531297 alignfull uagb-is-root-container\"><div class=\"uagb-container-inner-blocks-wrap\"><\/div><\/div>\n\n<div class=\"wp-block-uagb-container uagb-block-5718afe8 alignfull uagb-is-root-container\"><div class=\"uagb-container-inner-blocks-wrap\">\n<figure class=\"wp-block-image size-full\"><img loading=\"lazy\" decoding=\"async\" width=\"2560\" height=\"1707\" src=\"https:\/\/avantgarde-investment.ch\/wp-content\/uploads\/2025\/04\/post-apocalyptic-woman-and-boy-outdoors-in-a-waste-2025-03-05-12-48-43-utc-scaled.jpg\" alt=\"\" class=\"wp-image-4033\" title=\"\" srcset=\"https:\/\/avantgarde-investment.ch\/wp-content\/uploads\/2025\/04\/post-apocalyptic-woman-and-boy-outdoors-in-a-waste-2025-03-05-12-48-43-utc-scaled.jpg 2560w, https:\/\/avantgarde-investment.ch\/wp-content\/uploads\/2025\/04\/post-apocalyptic-woman-and-boy-outdoors-in-a-waste-2025-03-05-12-48-43-utc-300x200.jpg 300w, https:\/\/avantgarde-investment.ch\/wp-content\/uploads\/2025\/04\/post-apocalyptic-woman-and-boy-outdoors-in-a-waste-2025-03-05-12-48-43-utc-1024x683.jpg 1024w, https:\/\/avantgarde-investment.ch\/wp-content\/uploads\/2025\/04\/post-apocalyptic-woman-and-boy-outdoors-in-a-waste-2025-03-05-12-48-43-utc-768x512.jpg 768w, https:\/\/avantgarde-investment.ch\/wp-content\/uploads\/2025\/04\/post-apocalyptic-woman-and-boy-outdoors-in-a-waste-2025-03-05-12-48-43-utc-1536x1024.jpg 1536w, https:\/\/avantgarde-investment.ch\/wp-content\/uploads\/2025\/04\/post-apocalyptic-woman-and-boy-outdoors-in-a-waste-2025-03-05-12-48-43-utc-2048x1365.jpg 2048w\" sizes=\"auto, (max-width: 2560px) 100vw, 2560px\" \/><\/figure>\n\n\n\n<div style=\"height:30px\" aria-hidden=\"true\" class=\"wp-block-spacer\"><\/div>\n\n\n\n<p>Avec son mod\u00e8le de financement hybride et unique, notre partenaire\u00a0fran\u00e7ais offre une opportunit\u00e9 d\u2019investissement alternative, d\u00e9corr\u00e9l\u00e9e des march\u00e9s financiers traditionnels, tout en participant \u00e0 la cr\u00e9ation d\u2019un projet culturel fort.<br\/>Ce mod\u00e8le a pour objectif d\u2019allier le meilleur des deux mondes\u00a0: les financements institutionnels europ\u00e9ens (subventions, aides \u00e0 la production, cha\u00eenes TV) et la logique commerciale internationale du cin\u00e9ma nord-am\u00e9ricain (production 100% priv\u00e9e, genres porteurs, exploitation mondiale).<\/p>\n\n\n\n<div class=\"wp-block-uagb-advanced-heading uagb-block-2d922eb2\"><h3 class=\"uagb-heading-text\">Pourquoi investir dans le cin\u00e9ma ?<\/h3><\/div>\n\n\n\n<p><strong>Rentabilit\u00e9 \u00e9lev\u00e9e :<\/strong> Objectif de versement de dividendes compris entre 140% et 200% en seulement 2 \u00e0 3 ans apr\u00e8s la sortie du film.<\/p>\n\n\n\n<p><strong>March\u00e9 en croissance :<\/strong> Le secteur du divertissement aux \u00c9tats-Unis pesait 95,4 milliards USD en 2024, et continue de cro\u00eetre, m\u00eame en p\u00e9riode de crise<\/p>\n\n\n\n<p><strong>D\u00e9corr\u00e9lation des march\u00e9s financiers :<\/strong> Stabilit\u00e9 et potentiel de gain ind\u00e9pendants des bourses et des taux<\/p>\n\n\n\n<p><strong>Filet de s\u00e9curit\u00e9 :<\/strong> En cas d\u2019impr\u00e9vus, des plateformes comme Netflix, Amazon, etc. rach\u00e8tent les droits jusqu\u2019\u00e0 150% du co\u00fbt de production.<\/p>\n\n\n\n<div class=\"wp-block-uagb-advanced-heading uagb-block-4a9c7244\"><h3 class=\"uagb-heading-text\">Exemple concret : le film \u201cObsolescence\u201d<\/h3><\/div>\n\n\n\n<p>Une superproduction europ\u00e9enne ambitieuse m\u00ealant action, science-fiction et r\u00e9flexion sociale, avec un casting international, un tournage en anglais et une distribution mondiale.<\/p>\n\n\n\n<p>Ce projet vise \u00e0 g\u00e9n\u00e9rer entre 30 et 50 millions d\u2019euros de recettes gr\u00e2ce \u00e0 une strat\u00e9gie de financement ma\u00eetris\u00e9e (coproductions, lev\u00e9e de fonds priv\u00e9s, ventes internationales).<\/p>\n\n\n\n<div class=\"wp-block-uagb-advanced-heading uagb-block-4056eaad\"><h3 class=\"uagb-heading-text\">Exemple d\u2019investissement :<\/h3><\/div>\n\n\n\n<ul class=\"wp-block-list\">\n<li>Montant investi : EUR 10\u2019000.\u2013<\/li>\n\n\n\n<li>Dividendes estim\u00e9s : EUR 14\u2019400.\u2013 \u00e0 EUR 20\u2019800.\u2013<\/li>\n\n\n\n<li>Dur\u00e9e : 24 \u2013 36 mois<\/li>\n<\/ul>\n\n\n\n<div class=\"wp-block-uagb-advanced-heading uagb-block-6a3007a6\"><h3 class=\"uagb-heading-text\">Conclus\u00e3o<\/h3><\/div>\n\n\n\n<ul class=\"wp-block-list\">\n<li>Acc\u00e8s \u00e0 un projet culturel \u00e0 fort rayonnement international<\/li>\n\n\n\n<li><span style=\"color: var(--ast-global-color-3); background-color: var(--ast-global-color-5); font-size: 1rem;\">Rendement court terme \u00e9lev\u00e9<\/span><\/li>\n\n\n\n<li><span style=\"color: var(--ast-global-color-3); background-color: var(--ast-global-color-5); font-size: 1rem;\">Diversification patrimoniale intelligente<\/span><\/li>\n\n\n\n<li>Participation symbolique (selon le montant investi) \u00e0 l\u2019aventure de la production : coulisses, avant-premi\u00e8res, making-of\u2026<\/li>\n<\/ul>\n<\/div><\/div>\n\n<div class=\"wp-block-uagb-container uagb-block-d0922a59 alignfull uagb-is-root-container\"><div class=\"uagb-container-inner-blocks-wrap\">\n<div class=\"wp-block-uagb-container uagb-block-bfbdb199 alignfull uagb-is-root-container\"><div class=\"uagb-container-inner-blocks-wrap\">\n<div class=\"wp-block-uagb-info-box uagb-block-1b33d56b uagb-infobox__content-wrap  uagb-infobox-icon-above-title uagb-infobox-image-valign-top\"><div class=\"uagb-ifb-content\"><div class=\"uagb-ifb-title-wrap\"><h6 class=\"uagb-ifb-title-prefix\">Tens alguma pergunta?<\/h6><h2 class=\"uagb-ifb-title\">Vamos falar sobre isso<\/h2><\/div><\/div><\/div>\n\n\n\n<div class=\"wp-block-uagb-image alignright uagb-block-07ac205b wp-block-uagb-image--layout-default wp-block-uagb-image--effect-zoomin wp-block-uagb-image--align-right\"><figure class=\"wp-block-uagb-image__figure\"><img decoding=\"async\" srcset=\"https:\/\/avantgarde-investment.ch\/wp-content\/uploads\/2021\/06\/arrow-04-free-img.png ,https:\/\/avantgarde-investment.ch\/wp-content\/uploads\/2021\/06\/arrow-04-free-img.png 780w, https:\/\/avantgarde-investment.ch\/wp-content\/uploads\/2021\/06\/arrow-04-free-img.png 360w\" sizes=\"auto, (max-width: 480px) 150px\" src=\"https:\/\/avantgarde-investment.ch\/wp-content\/uploads\/2021\/06\/arrow-04-free-img.png\" alt=\"\" class=\"uag-image-33\" width=\"90\" height=\"27\" title=\"arrow-04-free-img\" loading=\"lazy\" role=\"img\"><\/figure><\/div>\n<\/div><a class=\"spectra-container-link-overlay\" rel=\"noopener\" href=\"https:\/\/avantgarde-investment.ch\/pt-pt\/contacto\/\"> <\/a><\/div>\n<\/div><\/div>\n","protected":false},"excerpt":{"rendered":"<p>Investimentos Investir dans le cin\u00e9ma Avec son mod\u00e8le de financement hybride et unique, notre partenaire\u00a0fran\u00e7ais offre une opportunit\u00e9 d\u2019investissement alternative, d\u00e9corr\u00e9l\u00e9e des march\u00e9s financiers traditionnels, tout en participant \u00e0 la cr\u00e9ation d\u2019un projet culturel fort.Ce mod\u00e8le a pour objectif d\u2019allier le meilleur des deux mondes\u00a0: les financements institutionnels europ\u00e9ens (subventions, aides \u00e0 la production, cha\u00eenes [&hellip;]<\/p>\n","protected":false},"author":5,"featured_media":0,"parent":3506,"menu_order":0,"comment_status":"closed","ping_status":"closed","template":"","meta":{"_uag_custom_page_level_css":"","site-sidebar-layout":"no-sidebar","site-content-layout":"","ast-site-content-layout":"full-width-container","site-content-style":"default","site-sidebar-style":"default","ast-global-header-display":"","ast-banner-title-visibility":"","ast-main-header-display":"","ast-hfb-above-header-display":"","ast-hfb-below-header-display":"","ast-hfb-mobile-header-display":"","site-post-title":"disabled","ast-breadcrumbs-content":"","ast-featured-img":"","footer-sml-layout":"","theme-transparent-header-meta":"enabled","adv-header-id-meta":"","stick-header-meta":"","header-above-stick-meta":"","header-main-stick-meta":"","header-below-stick-meta":"","astra-migrate-meta-layouts":"set","ast-page-background-enabled":"default","ast-page-background-meta":{"desktop":{"background-color":"","background-image":"","background-repeat":"repeat","background-position":"center center","background-size":"auto","background-attachment":"scroll","background-type":"","background-media":"","overlay-type":"","overlay-color":"","overlay-opacity":"","overlay-gradient":""},"tablet":{"background-color":"","background-image":"","background-repeat":"repeat","background-position":"center center","background-size":"auto","background-attachment":"scroll","background-type":"","background-media":"","overlay-type":"","overlay-color":"","overlay-opacity":"","overlay-gradient":""},"mobile":{"background-color":"","background-image":"","background-repeat":"repeat","background-position":"center center","background-size":"auto","background-attachment":"scroll","background-type":"","background-media":"","overlay-type":"","overlay-color":"","overlay-opacity":"","overlay-gradient":""}},"ast-content-background-meta":{"desktop":{"background-color":"var(--ast-global-color-5)","background-image":"","background-repeat":"repeat","background-position":"center center","background-size":"auto","background-attachment":"scroll","background-type":"","background-media":"","overlay-type":"","overlay-color":"","overlay-opacity":"","overlay-gradient":""},"tablet":{"background-color":"var(--ast-global-color-5)","background-image":"","background-repeat":"repeat","background-position":"center center","background-size":"auto","background-attachment":"scroll","background-type":"","background-media":"","overlay-type":"","overlay-color":"","overlay-opacity":"","overlay-gradient":""},"mobile":{"background-color":"var(--ast-global-color-5)","background-image":"","background-repeat":"repeat","background-position":"center center","background-size":"auto","background-attachment":"scroll","background-type":"","background-media":"","overlay-type":"","overlay-color":"","overlay-opacity":"","overlay-gradient":""}},"footnotes":""},"class_list":["post-3541","page","type-page","status-publish","hentry"],"uagb_featured_image_src":{"full":false,"thumbnail":false,"medium":false,"medium_large":false,"large":false,"1536x1536":false,"2048x2048":false},"uagb_author_info":{"display_name":"Bastien Emery","author_link":"https:\/\/avantgarde-investment.ch\/pt-pt\/author\/camesco\/"},"uagb_comment_info":0,"uagb_excerpt":"Investimentos Investir dans le cin\u00e9ma Avec son mod\u00e8le de financement hybride et unique, notre partenaire\u00a0fran\u00e7ais offre une opportunit\u00e9 d\u2019investissement alternative, d\u00e9corr\u00e9l\u00e9e des march\u00e9s financiers traditionnels, tout en participant \u00e0 la cr\u00e9ation d\u2019un projet culturel fort.Ce mod\u00e8le a pour objectif d\u2019allier le meilleur des deux mondes\u00a0: les financements institutionnels europ\u00e9ens (subventions, aides \u00e0 la production, cha\u00eenes&hellip;","_links":{"self":[{"href":"https:\/\/avantgarde-investment.ch\/pt-pt\/wp-json\/wp\/v2\/pages\/3541","targetHints":{"allow":["GET"]}}],"collection":[{"href":"https:\/\/avantgarde-investment.ch\/pt-pt\/wp-json\/wp\/v2\/pages"}],"about":[{"href":"https:\/\/avantgarde-investment.ch\/pt-pt\/wp-json\/wp\/v2\/types\/page"}],"author":[{"embeddable":true,"href":"https:\/\/avantgarde-investment.ch\/pt-pt\/wp-json\/wp\/v2\/users\/5"}],"replies":[{"embeddable":true,"href":"https:\/\/avantgarde-investment.ch\/pt-pt\/wp-json\/wp\/v2\/comments?post=3541"}],"version-history":[{"count":18,"href":"https:\/\/avantgarde-investment.ch\/pt-pt\/wp-json\/wp\/v2\/pages\/3541\/revisions"}],"predecessor-version":[{"id":5166,"href":"https:\/\/avantgarde-investment.ch\/pt-pt\/wp-json\/wp\/v2\/pages\/3541\/revisions\/5166"}],"up":[{"embeddable":true,"href":"https:\/\/avantgarde-investment.ch\/pt-pt\/wp-json\/wp\/v2\/pages\/3506"}],"wp:attachment":[{"href":"https:\/\/avantgarde-investment.ch\/pt-pt\/wp-json\/wp\/v2\/media?parent=3541"}],"curies":[{"name":"wp","href":"https:\/\/api.w.org\/{rel}","templated":true}]}}

<div class="wp-block-uagb-container uagb-block-f825015c alignfull uagb-is-root-container"><div class="uagb-container-inner-blocks-wrap">
<div class="wp-block-uagb-advanced-heading uagb-block-03b18b14"><h6 class="uagb-heading-text">Investimentos</h6></div>



<div class="wp-block-uagb-advanced-heading uagb-block-8b4ab5b5"><h1 class="uagb-heading-text"><strong>Investir dans le cinéma</strong></h1></div>
</div></div>

<div class="wp-block-uagb-container uag-blocks-common-selector uagb-block-e6531297 alignfull uagb-is-root-container"><div class="uagb-container-inner-blocks-wrap"></div></div>

<div class="wp-block-uagb-container uagb-block-5718afe8 alignfull uagb-is-root-container"><div class="uagb-container-inner-blocks-wrap">
<figure class="wp-block-image size-full"><img loading="lazy" decoding="async" width="2560" height="1707" src="https://avantgarde-investment.ch/wp-content/uploads/2025/04/post-apocalyptic-woman-and-boy-outdoors-in-a-waste-2025-03-05-12-48-43-utc-scaled.jpg" alt="" class="wp-image-4033" title="" srcset="https://avantgarde-investment.ch/wp-content/uploads/2025/04/post-apocalyptic-woman-and-boy-outdoors-in-a-waste-2025-03-05-12-48-43-utc-scaled.jpg 2560w, https://avantgarde-investment.ch/wp-content/uploads/2025/04/post-apocalyptic-woman-and-boy-outdoors-in-a-waste-2025-03-05-12-48-43-utc-300x200.jpg 300w, https://avantgarde-investment.ch/wp-content/uploads/2025/04/post-apocalyptic-woman-and-boy-outdoors-in-a-waste-2025-03-05-12-48-43-utc-1024x683.jpg 1024w, https://avantgarde-investment.ch/wp-content/uploads/2025/04/post-apocalyptic-woman-and-boy-outdoors-in-a-waste-2025-03-05-12-48-43-utc-768x512.jpg 768w, https://avantgarde-investment.ch/wp-content/uploads/2025/04/post-apocalyptic-woman-and-boy-outdoors-in-a-waste-2025-03-05-12-48-43-utc-1536x1024.jpg 1536w, https://avantgarde-investment.ch/wp-content/uploads/2025/04/post-apocalyptic-woman-and-boy-outdoors-in-a-waste-2025-03-05-12-48-43-utc-2048x1365.jpg 2048w" sizes="auto, (max-width: 2560px) 100vw, 2560px" /></figure>



<div style="height:30px" aria-hidden="true" class="wp-block-spacer"></div>



<p>Avec son modèle de financement hybride et unique, notre partenaire français offre une opportunité d’investissement alternative, décorrélée des marchés financiers traditionnels, tout en participant à la création d’un projet culturel fort.<br/>Ce modèle a pour objectif d’allier le meilleur des deux mondes : les financements institutionnels européens (subventions, aides à la production, chaînes TV) et la logique commerciale internationale du cinéma nord-américain (production 100% privée, genres porteurs, exploitation mondiale).</p>



<div class="wp-block-uagb-advanced-heading uagb-block-2d922eb2"><h3 class="uagb-heading-text">Pourquoi investir dans le cinéma ?</h3></div>



<p><strong>Rentabilité élevée :</strong> Objectif de versement de dividendes compris entre 140% et 200% en seulement 2 à 3 ans après la sortie du film.</p>



<p><strong>Marché en croissance :</strong> Le secteur du divertissement aux États-Unis pesait 95,4 milliards USD en 2024, et continue de croître, même en période de crise</p>



<p><strong>Décorrélation des marchés financiers :</strong> Stabilité et potentiel de gain indépendants des bourses et des taux</p>



<p><strong>Filet de sécurité :</strong> En cas d’imprévus, des plateformes comme Netflix, Amazon, etc. rachètent les droits jusqu’à 150% du coût de production.</p>



<div class="wp-block-uagb-advanced-heading uagb-block-4a9c7244"><h3 class="uagb-heading-text">Exemple concret : le film “Obsolescence”</h3></div>



<p>Une superproduction européenne ambitieuse mêlant action, science-fiction et réflexion sociale, avec un casting international, un tournage en anglais et une distribution mondiale.</p>



<p>Ce projet vise à générer entre 30 et 50 millions d’euros de recettes grâce à une stratégie de financement maîtrisée (coproductions, levée de fonds privés, ventes internationales).</p>



<div class="wp-block-uagb-advanced-heading uagb-block-4056eaad"><h3 class="uagb-heading-text">Exemple d’investissement :</h3></div>



<ul class="wp-block-list">
<li>Montant investi : EUR 10’000.–</li>



<li>Dividendes estimés : EUR 14’400.– à EUR 20’800.–</li>



<li>Durée : 24 – 36 mois</li>
</ul>



<div class="wp-block-uagb-advanced-heading uagb-block-6a3007a6"><h3 class="uagb-heading-text">Conclusão</h3></div>



<ul class="wp-block-list">
<li>Accès à un projet culturel à fort rayonnement international</li>



<li><span style="color: var(--ast-global-color-3); background-color: var(--ast-global-color-5); font-size: 1rem;">Rendement court terme élevé</span></li>



<li><span style="color: var(--ast-global-color-3); background-color: var(--ast-global-color-5); font-size: 1rem;">Diversification patrimoniale intelligente</span></li>



<li>Participation symbolique (selon le montant investi) à l’aventure de la production : coulisses, avant-premières, making-of…</li>
</ul>
</div></div>

<div class="wp-block-uagb-container uagb-block-d0922a59 alignfull uagb-is-root-container"><div class="uagb-container-inner-blocks-wrap">
<div class="wp-block-uagb-container uagb-block-bfbdb199 alignfull uagb-is-root-container"><div class="uagb-container-inner-blocks-wrap">
<div class="wp-block-uagb-info-box uagb-block-1b33d56b uagb-infobox__content-wrap  uagb-infobox-icon-above-title uagb-infobox-image-valign-top"><div class="uagb-ifb-content"><div class="uagb-ifb-title-wrap"><h6 class="uagb-ifb-title-prefix">Tens alguma pergunta?</h6><h2 class="uagb-ifb-title">Vamos falar sobre isso</h2></div></div></div>



<div class="wp-block-uagb-image alignright uagb-block-07ac205b wp-block-uagb-image--layout-default wp-block-uagb-image--effect-zoomin wp-block-uagb-image--align-right"><figure class="wp-block-uagb-image__figure"><img decoding="async" srcset="https://avantgarde-investment.ch/wp-content/uploads/2021/06/arrow-04-free-img.png ,https://avantgarde-investment.ch/wp-content/uploads/2021/06/arrow-04-free-img.png 780w, https://avantgarde-investment.ch/wp-content/uploads/2021/06/arrow-04-free-img.png 360w" sizes="auto, (max-width: 480px) 150px" src="https://avantgarde-investment.ch/wp-content/uploads/2021/06/arrow-04-free-img.png" alt="" class="uag-image-33" width="90" height="27" title="arrow-04-free-img" loading="lazy" role="img"></figure></div>
</div><a class="spectra-container-link-overlay" rel="noopener" href="https://avantgarde-investment.ch/pt-pt/contacto/"> </a></div>
</div></div>

<p>Investimentos Investir dans le cinéma Avec son modèle de financement hybride et unique, notre partenaire français offre une opportunité d’investissement alternative, décorrélée des marchés financiers traditionnels, tout en participant à la création d’un projet culturel fort.Ce modèle a pour objectif d’allier le meilleur des deux mondes : les financements institutionnels européens (subventions, aides à la production, chaînes [&hellip;]</p>

Investimentos Investir dans le cinéma Avec son modèle de financement hybride et unique, notre partenaire français offre une opportunité d’investissement alternative, décorrélée des marchés financiers traditionnels, tout en participant à la création d’un projet culturel fort.Ce modèle a pour objectif d’allier le meilleur des deux mondes : les financements institutionnels européens (subventions, aides à la production, chaînes&hellip;
